j. Let u be 0/(-4)*g/(-9). What is the units digit of 2 + -1 + u + 57?
8
Suppose 5*q + 5*d - 6*d = 5765, 0 = q - 3*d - 1139. Suppose 0 = -m - 318 + q. What is the hundreds digit of m?
8
Suppose o - 2*t = 19024, 0 = o + t - 13974 - 5041. What is the ten thousands digit of o?
1
Let r = 179 - 174. Suppose 13478 = r*j + 18*j. What is the tens digit of j?
8
Suppose -3*b - 5*o - 43 = 1, 2*b - 5*o = -71. Let d = 98 - b. What is the units digit of d?
1
Suppose -53*k + 23*k + 386910 = 0. What is the units digit of k?
7
Suppose -10*x = -3475 - 4395. Let v = -106 + x. What is the hundreds digit of v?
6
Let s(o) = 1899*o - 119. What is the hundreds digit of s(5)?
3
Let n = 38 - 38. Let x be (3 + 0 - 10)/(n + -1). Suppose -v = -x*v + 252. What is the tens digit of v?
4
Let g = 17514 - 8465. What is the hundreds digit of g?
0
Let v(q) = -q**3 - 16*q**2 - 15*q - 674. What is the thousands digit of v(-34)?
0
Suppose -2*u = -6*u + 12. Suppose -18*w + 87*w = 345. Suppose w*m = -2*a + 646, -4*m - u*a + 211 = -310. What is the units digit of m?
8
Suppose -71*j + 101*j = 247860. What is the hundreds digit of j?
2
Suppose -11*l + 36 = 3. Suppose 3*z = -2*b - 245, l*z + 79 + 154 = b. Let y = z - -97. What is the tens digit of y?
1
Suppose -26*f + 29*f = -3*q + 75303, f - 25041 = -13*q. What is the thousands digit of f?
5
Let f = -1363 - -955. Let a = -112 + -166. Let k = a - f. What is the hundreds digit of k?
1
Suppose 8*p - 2178 - 2542 = 0. Let y = p + -354. What is the tens digit of y?
3
Let k be 1199/2 + (-3)/(-6). Let o be (6/4)/(18/k). Suppose 0 = 2*g + 3*g + 3*r - 72, 3*g - 5*r - o = 0. What is the tens digit of g?
1
Let t(f) = f + 3. Let l be t(-1). Suppose 4*c - l = -n + 3*c, 3*c = 5*n + 30. Let h(z) = -4*z**3 - 4*z**2 - 4*z - 1. What is the units digit of h(n)?
3
Let v = 37 - 33. Suppose -v*s + 4*d = -d - 184, -d = -3*s + 149. Let k = s - -21. What is the units digit of k?
2
Suppose 98*x = -0*x + 194626 + 171208. What is the units digit of x?
3
Let n = -22405 - -27210. What is the units digit of n?
5
Suppose 540*o - 548*o + 32664 = 0. What is the tens digit of o?
8
Suppose 49*w - 1087649 = 533271. What is the ten thousands digit of w?
3
Let m be 5/((-75)/(-235))*39/1. Suppose x + 22*r = 27*r + m, 5*x - 2947 = -2*r. What is the tens digit of x?
9
Let s = 612 + -638. Let u = s + 289. What is the tens digit of u?
6
Let u be -36 - 0/(1/1) - -2. Let h = -38 - u. Let o(s) = s**3 + 10*s**2 + 4*s - 6. What is the tens digit of o(h)?
7
Suppose -79149 - 65817 = -111*p. Suppose 4*h - 3 = h, 0 = -5*c + 2*h + 58. Suppose -c*k + 17*k - p = 2*w, -3 = w. What is the tens digit of k?
6
Let i(b) = 112*b - 27 - 26*b - 58*b. What is the hundreds digit of i(23)?
6
Let v(t) = -534*t + 7. Suppose -11*o = -o + 10. What is the units digit of v(o)?
1
Suppose -142070 - 1596193 = -31*m. What is the tens digit of m?
7
Let h(g) be the first derivative of -g**4/4 - 7*g**3/3 - g**2/2 + 2*g + 1. Let k be h(-7). What is the tens digit of (-103)/(-4)*k/(18/8)?
0
Suppose 19*x - 31*x + 574041 = 29*x. What is the units digit of x?
1
Let u(y) = 2*y**2 - 12*y + 497. What is the hundreds digit of u(-65)?
7
Let y = -256 - -258. What is the tens digit of 40/(-16) - (-1411)/y?
0
Let s = 24616 + -9571. What is the ten thousands digit of s?
1
Suppose -2*v - 4*r + 2 = 0, 10 = r - 6*r. Suppose q = 5*w - 4025, v*q = q. What is the tens digit of w?
0
Let u(g) = -4*g + 318. Let q = 391 - 428. What is the tens digit of u(q)?
6
Let m(p) = 10*p + 6*p - 4*p - 1 + 6*p + 6*p**2. What is the hundreds digit of m(9)?
6
Suppose 4*l - l - 74284 = -5*i, -3*i + 3*l = -44580. What is the hundreds digit of i?
8
Suppose 21*m - 305267 - 126955 = -20*m. What is the tens digit of m?
4
Let t = -15 - -28. Let h be (-11)/(14*(-1)/t - -1). Let y = 204 - h. What is the units digit of y?
1
Suppose 0 = 4*u + 236 + 168. Let s = u - -101. What is the units digit of 3*13/1 - s?
9
Suppose -14*j - 1226 = -4*o + 7*o, -5*j - 1970 = 5*o. Let r(y) = y**3 + 5*y**2 + 6*y + 1. Let p be r(-4). What is the hundreds digit of o/(p/((-35)/(-10)))?
1
Let t(w) = 5*w**2 - 4*w + 22. Let d be t(-7). Suppose 143*z = 144*z - d. Let o = -209 + z. What is the tens digit of o?
8
Let x be (1 - -1) + 1*-7. Let o be -3 + (-8 + 4 - x). What is the units digit of o + (-1 + 46 - -4)?
7
Suppose -16*z + 72 + 24 = 0. Suppose 0 = 5*y - z*y - 29. Let f = y - -119. What is the tens digit of f?
9
Let p(a) be the first derivative of -11*a**5/120 - 17*a**4/24 - 25*a**3/3 + 41. Let f(l) be the third derivative of p(l). What is the tens digit of f(-21)?
1
Let y = -4591 - -5501. What is the hundreds digit of y?
9
Let o(w) = 8*w. Suppose u + 3 - 2 = j, 0 = -u - 4*j + 24. Let s be o(u). Suppose 0 = 2*a + 30 - s. What is the units digit of a?
1
Let m(h) = -4*h - 154. Let s be m(-37). What is the tens digit of 253/((18/(-3))/s)?
5
Let g be -1 + 2 + (7 - -1). Let f(q) = q**3 - 9*q**2 + q - 6. Let n be f(g). Suppose 0*t - 345 = -5*c + 5*t, -n*c - 2*t = -212. What is the tens digit of c?
7
Let i be 2/(-12)*-8*(-27)/(-9). Suppose 4023 = 4*t + d, -23*t - 5026 = -28*t - i*d. What is the tens digit of t?
0
Let p be (-22)/(-6) + 10/30. Suppose 0 = 2*r - p, r = 5*y - 4*y - 142. Suppose -3*t + 9*t = y. What is the units digit of t?
4
Suppose 3*n + 3*g = 18, 0 = 2*n - 3*n + g + 4. Suppose -2*m = n*b - 2*b - 196, 3*m - 305 = b. What is the tens digit of m?
0
Let q be (2 + -4)*1*(-20)/8. Suppose -q*u = -13 - 2. Suppose u + 245 = 4*o. What is the tens digit of o?
6
What is the thousands digit of (964 + -962)*5/2*4582?
2
Let m(i) be the first derivative of i**3/3 + 9*i**2/2 - 9*i - 4. Suppose 3*q - 67 = 5*j, -5*q = -j - q - 27. What is the tens digit of m(j)?
1
Let j(b) = 43*b - 96. Suppose 22*s = 23*s - 10. What is the units digit of j(s)?
4
Suppose 6*c - 13 - 83 = 0. Let u be (c/12)/(6/9). Suppose s = -u*s + 204. What is the units digit of s?
8
Suppose 2*t + 4*z = -14618 + 44504, 4*z + 29846 = 2*t. What is the ten thousands digit of t?
1
What is the thousands digit of 609588/52 - (-44)/286?
1
Let h(s) = 31*s**2 + 191*s + 3574. What is the thousands digit of h(-21)?
3
Suppose u + 2*c - 3*c = -60, -5*u - 250 = 5*c. Let s = 58 + u. Suppose 212 = n + 4*a, -s*a = -5*n - 0*n + 1083. What is the tens digit of n?
1
Let a(x) = 116*x**2 + 13*x + 14. Let t be a(-6). Suppose -7*j - 73 = -t. What is the hundreds digit of j?
5
Let k = -812 + 1153. Let z = k - 135. Let i = z - 104. What is the hundreds digit of i?
1
Suppose -66*u = -1042317 - 1096677. What is the tens digit of u?
0
Let o(c) = 3*c**3 - c**2 + 3*c. Let z be o(-3). Let g = -92 - z. What is the units digit of g?
7
What is the thousands digit of 72/108 + (-14)/(-6) + (10446 - 0)?
0
Let o(y) = -4*y**2 - 18*y - 3. Let p = 76 + -80. Let u be o(p). Suppose -g = 3*g + u*l - 35, 13 = 2*g + l. What is the units digit of g?
5
Let i be 4/(-144)*8 + 317/9. What is the tens digit of (1164/(-4))/((-21)/i)?
8
Let b = 77337 + -44740. What is the tens digit of b?
9
Let g be (-55)/(-22)*(-8)/(-10)*29. Let i be (0 + -1)*(-13)/(-1). Let k = g - i. What is the tens digit of k?
7
Let z(a) = -6*a**2 - 29 - a**3 + 4*a + 22*a**2 + 2*a**3 - 1. What is the units digit of z(-14)?
6
Suppose -1810789 - 1733711 = -150*p. What is the thousands digit of p?
3
Let a = -85 + 222. Suppose 2*i - 4*f = -172, 2*i - i - 5*f + 74 = 0. Let x = a + i. What is the tens digit of x?
4
Suppose -8*p + 3*p + 3827 + 15198 = 0. What is the tens digit of p?
0
Suppose 3*z = 5*c - 49432, 18*c - 16*c = z + 19774. What is the tens digit of c?
9
Let p(x) = -3*x**3 - 9*x**2 - 18*x + 6. Let g be p(-8). Suppose 7*z - g = 5*z. Suppose -z = -3*t - 2*t. What is the units digit of t?
1
Let r(x) = 545*x - 491. What is the thousands digit of r(8)?
3
Let w = 237 + -3. Let i = w - -121. What is the hundreds digit of i?
3
Suppose 5*d - 3*z - z = 97, -d + z + 20 = 0. Suppose -y + 5 = 0, -2*y + d = a - 13. What is the units digit of a?
0
Let o(f) = f**2 + 7*f - 6. Suppose -4*q - 17 = -33. What is the units digit of o(q)?
8
Let v(w) = 10*w**2 - 8*w + 34. Let d(h) = -9*h**2 + 7*h - 36. Let n(q) = 4*d(q) + 5*v(q). What is the hundreds digit of n(8)?
8
Let l = 150 + -134. Suppose l*r = 23*r - 3899. What is the units digit of r?
7
Let h = -23 + 40. Suppose -4*y + 29 = h. Suppose 0 = -k + y*n + 3 - 1, -5*k - 4*n = 